e remainder when 1687196 is divided by 2889.
20
What is the remainder when 524856 is divided by 474?
138
What is the remainder when 5936279 is divided by 105?
104
Calculate the remainder when 7245070 is divided by 2414993.
91
What is the remainder when 14084667 is divided by 2816917?
82
Calculate the remainder when 122320 is divided by 1773.
1756
What is the remainder when 342759 is divided by 171370?
19
Calculate the remainder when 21550870 is divided by 387.
1
Calculate the remainder when 2094882 is divided by 39.
36
Calculate the remainder when 2132165 is divided by 7725.
65
Calculate the remainder when 5622139 is divided by 55119.
1
Calculate the remainder when 8804482 is divided by 1110.
1072
What is the remainder when 47552 is divided by 400?
352
Calculate the remainder when 1377854 is divided by 3262.
1290
What is the remainder when 488643 is divided by 1227?
297
Calculate the remainder when 239318 is divided by 4884.
2
What is the remainder when 97613 is divided by 23639?
3057
What is the remainder when 1076912 is divided by 198?
188
What is the remainder when 2660413 is divided by 295601?
4
What is the remainder when 574715 is divided by 143209?
1879
What is the remainder when 37409 is divided by 11437?
3098
What is the remainder when 6320900 is divided by 3160448?
4
What is the remainder when 6132227 is divided by 12119?
13
What is the remainder when 3125789 is divided by 3544?
3525
What is the remainder when 2512857 is divided by 217?
214
What is the remainder when 1199713 is divided by 1550?
13
What is the remainder when 1564149 is divided by 260665?
159
Calculate the remainder when 83184 is divided by 1437.
1275
What is the remainder when 6515980 is divided by 1798?
28
What is the remainder when 23355547 is divided by 540?
7
What is the remainder when 36443 is divided by 54?
47
What is the remainder when 1199721 is divided by 84?
33
Calculate the remainder when 453478 is divided by 35.
18
Calculate the remainder when 1501710 is divided by 750072.
1566
What is the remainder when 16303 is divided by 1345?
163
What is the remainder when 87492215 is divided by 10936525?
15
What is the remainder when 38579755 is divided by 34?
23
What is the remainder when 183631 is divided by 4161?
547
What is the remainder when 6972 is divided by 632?
20
What is the remainder when 6366793 is divided by 2213?
2205
What is the remainder when 2441277 is divided by 29?
28
What is the remainder when 22233952 is divided by 2422?
2414
Calculate the remainder when 227031 is divided by 69.
21
What is the remainder when 1943201 is divided by 231?
29
What is the remainder when 456967 is divided by 456933?
34
What is the remainder when 250303 is divided by 2811?
124
Calculate the remainder when 322437699 is divided by 67.
65
Calculate the remainder when 1225509 is divided by 76581.
213
What is the remainder when 2255508 is divided by 706?
544
What is the remainder when 1168913 is divided by 12050?
63
What is the remainder when 15220 is divided by 2534?
16
What is the remainder when 3907 is divided by 7?
1
Calculate the remainder when 15779014 is divided by 916.
914
What is the remainder when 143360 is divided by 264?
8
What is the remainder when 10329524 is divided by 2520?
44
What is the remainder when 52043533 is divided by 13553?
13
Calculate the remainder when 78745 is divided by 316.
61
Calculate the remainder when 156054 is divided by 82.
8
Calculate the remainder when 52814 is divided by 26323.
168
What is the remainder when 279758113 is divided by 3339?
3337
What is the remainder when 61870286 is divided by 802?
798
What is the remainder when 297874 is divided by 10?
4
Calculate the remainder when 9793286 is divided by 22.
8
Calculate the remainder when 620572 is divided by 512.
28
Calculate the remainder when 475715 is divided by 70.
65
What is the remainder when 84878 is divided by 84372?
506
What is the remainder when 2568265 is divided by 94?
91
What is the remainder when 31275309 is divided by 345?
24
What is the remainder when 526056 is divided by 175349?
9
Calculate the remainder when 27194 is divided by 13220.
754
What is the remainder when 15095794 is divided by 36?
22
What is the remainder when 767123 is divided by 182?
175
Calculate the remainder when 2513351805 is divided by 408.
405
Calculate the remainder when 277780 is divided by 69049.
1584
What is the remainder when 33919826 is divided by 62?
60
Calculate the remainder when 85870 is divided by 42885.
100
What is the remainder when 507947 is divided by 2988?
2975
What is the remainder when 291095 is divided by 213?
137
What is the remainder when 3560361 is divided by 8055?
51
What is the remainder when 6510380 is divided by 1261?
1098
Calculate the remainder when 2502481 is divided by 1513.
1492
Calculate the remainder when 1427598 is divided by 53.
43
Calculate the remainder when 115188045 is divided by 828.
825
What is the remainder when 26767904 is divided by 273?
254
Calculate the remainder when 1600922 is divided by 201.
158
Calculate the remainder when 67126319 is divided by 240.
239
What is the remainder when 1200075 is divided by 92313?
6
Calculate the remainder when 4321417 is divided by 216070.
17
Calculate the remainder when 787632 is divided by 18316.
44
What is the remainder when 312903 is divided by 1064?
87
What is the remainder when 31570840 is divided by 1645?
0
What is the remainder when 116112 is divided by 3133?
191
What is the remainder when 203846 is divided by 832?
6
What is the remainder when 114246 is divided by 935?
176
Calculate the remainder when 50141 is divided by 16633.
242
Calculate the remainder when 1379884336 is divided by 3787.
3785
What is the remainder when 13467498 is divided by 210?
198
Calculate the remainder when 9202055 is divided by 397.
389
Calculate the remainder when 49782 is divided by 6156.
534
Calculate the remainder when 92245727 is divided by 19262.
9
What is the remainder when 25314 is divided by 3229?
2711
Calculate the remainder when 150903694 is divided by 202.
200
Calculate the remainder when 460341 is divided by 503.
96
What is the remainder when 17940636 is divided by 328?
20
Calculate the remainder when 185676 is divided by 761.
753
What is the remainder when 2250716 is divided by 6252?
6248
What is the remainder when 68146628 is divided by 389?
52
What is the remainder when 293364 is divided by 96770?
3054
Calculate the remainder when 801470 is divided by 133577.
8
What is the remainder when 13843437 is divided by 232?
229
Calculate the remainder when 292714 is divided by 4306.
4212
What is the remainder when 60797 is divided by 100?
97
Calculate the remainder when 29440191 is divided by 76.
71
Calculate the remainder when 13101024 is divided by 561.
552
Calculate the remainder when 51783391 is divided by 130109.
9
Calculate the remainder when 85515 is divided by 629.
600
Calculate the remainder when 229628 is divided by 235.
33
Calculate the remainder when 835445 is divided by 2911.
2899
Calculate the remainder when 213505 is divided by 1007.
21
Calculate the remainder when 20353 is divided by 20345.
8
Calculate the remainder when 32648613 is divided by 246.
231
What is the remainder when 692940 is divided by 28?
24
What is the remainder when 70900 is divided by 1928?
1492
What is the remainder when 6109446 is divided by 2064?
6
Calculate the remainder when 1228500 is divided by 7142.
76
What is the remainder when 629460 is divided by 8392?
60
Calculate the remainder when 95078 is divided by 30027.
4997
What is the remainder when 727402167 is divided by 10?
7
What is the remainder when 21508081 is divided by 127?
123
What is the remainder when 229383 is divided by 3277?
3270
What is the remainder when 52101 is divided by 160?
101
What is the remainder when 7202499 is divided by 248361?
30
Calculate the remainder when 1706254 is divided by 568733.
55
What is the remainder when 2227144 is divided by 1113501?
142
Calculate the remainder when 449690 is divided by 1053.
59
What is the remainder when 483641 is divided by 1787?
1151
Calculate the remainder when 144319 is divided by 2176.
703
Calculate the remainder when 16366757 is divided by 13231.
10
Calculate the remainder when 21556116 is divided by 3285.
3231
Calculate the r